{"id":665,"date":"2018-10-13T21:27:21","date_gmt":"2018-10-13T19:27:21","guid":{"rendered":"https:\/\/www.utk-ecosens.com\/cms\/?page_id=665"},"modified":"2026-02-08T17:34:29","modified_gmt":"2026-02-08T16:34:29","slug":"device-to-web","status":"publish","type":"page","link":"https:\/\/utk-ecosens.com\/cms\/device-to-web\/","title":{"rendered":"Device2Web"},"content":{"rendered":"<table cellspacing=\"0\" cellpadding=\"0\">\n<tbody>\n<tr>\n<td>\n<h2>Komplettl\u00f6sung f\u00fcr Messdatenerfassung, Daten\u00fcbertragung und Datenmanagement<\/h2>\n<\/td>\n<\/tr>\n<tr>\n<td>\n<div><\/div>\n<p>Wir nutzen je nach Messaufgabe verschiedene Datenerfassungsmodule eines namhaften \u00f6sterreichischen Herstellers mit Datenlogger- und SPS-Funktionalit\u00e4ten. Die Vorteile f\u00fcr Sie:<\/p>\n<ul>\n<li>Optimaler Datenfluss durch eine abgestimmte<br \/>\nSysteml\u00f6sung<\/li>\n<li>Minimierung der Messzeit aufgrund h\u00f6chster<br \/>\nAusfallsicherheit<\/li>\n<li>St\u00e4ndige Daten- und<br \/>\nGer\u00e4tekontrolle weltweit<\/li>\n<li>Durchdachtes<br \/>\nSt\u00f6rmeldemanagement<\/li>\n<li>Lange Akkulaufzeiten durch MicroPower Technologie<\/li>\n<li>Europaweiter Einsatz bei voller Kostenkontrolle (Roaming)<\/li>\n<li>keine SIM-Karte erforderlich (SIM on Board-Technologie)<\/li>\n<li>auch in Ex-Ausf\u00fchrung lieferbar<\/li>\n<\/ul>\n<p>Realisiert wurden von uns bisher damit u.a.:<\/p>\n<ul>\n<li>komplette Wetterstationen (Agrar, Industrie, Gutachterwesen)<\/li>\n<li>reine Niederschlagsmessstellen<\/li>\n<li>Strahlungsrefenzmessstellen f\u00fcr PV-Anlagen<\/li>\n<li>Mobile Stadtklimamessungen auf Stra\u00dfenbahnen und Bussen<\/li>\n<li>\u00dcberwachung mobiler Gasmessger\u00e4te bei Vermietung<\/li>\n<li>Erdbodentemperatur- und -feuchteerfassung im Agrar-Bestand<\/li>\n<li>Pegeldatenerfassung opt. incl. Leitf\u00e4higkeit und Temperatur<\/li>\n<li>Hochwasserschutz-Alarmsysteme<\/li>\n<li>komplette Beschaffenheitsmessstellen f\u00fcr Abschlagsw\u00e4sser<\/li>\n<li>Tunnelbau- und Baugruben\u00fcberwachung<\/li>\n<li>Geb\u00e4udeautomatisierung in Abh. von Wind &amp; Wetter<\/li>\n<li>\u00dcberwachung und Steuerung L\u00fcftung bzgl. Taupunktunterschreitung<\/li>\n<li>Methan- und CO2-Datenerfassung im Altlasten- und Agrarbereich<\/li>\n<li>Einspeisez\u00e4hlererfassung im Windenergie- und Solarbereich<\/li>\n<li>Abschlagsmengenerfassung im Abwasser- und Tagebaubereich<\/li>\n<li>Radioaktivit\u00e4ts- und Radondatenerfassung<\/li>\n<li>Deponiesickerwasser\u00fcberwachung und Fernbeauftragung<\/li>\n<li>Datenerfassung eines Seeverdunstungsmessflo\u00dfes<\/li>\n<\/ul>\n<p>&nbsp;<\/p>\n<p>Testen Sie unser Datenportal unter<\/p>\n<p><a href=\"https:\/\/www.ecodatanet.de\/\">www.ecodatanet.de<\/a><\/p>\n<p>Benutzer: demo<br \/>\nPasswort: Demo20xx<\/td>\n<\/tr>\n<\/tbody>\n<\/table>\n","protected":false},"excerpt":{"rendered":"<p>Komplettl\u00f6sung f\u00fcr Messdatenerfassung, Daten\u00fcbertragung und Datenmanagement Wir nutzen je nach Messaufgabe verschiedene Datenerfassungsmodule eines namhaften \u00f6sterreichischen Herstellers mit Datenlogger- und SPS-Funktionalit\u00e4ten. Die Vorteile f\u00fcr Sie: Optimaler Datenfluss durch eine abgestimmte Systeml\u00f6sung Minimierung der Messzeit aufgrund h\u00f6chster Ausfallsicherheit St\u00e4ndige Daten- und &hellip; <a href=\"https:\/\/utk-ecosens.com\/cms\/device-to-web\/\">Weiterlesen <span class=\"meta-nav\">&rarr;<\/span><\/a><\/p>\n","protected":false},"author":2,"featured_media":0,"parent":0,"menu_order":8,"comment_status":"closed","ping_status":"closed","template":"","meta":{"footnotes":""},"_links":{"self":[{"href":"https:\/\/utk-ecosens.com\/cms\/wp-json\/wp\/v2\/pages\/665"}],"collection":[{"href":"https:\/\/utk-ecosens.com\/cms\/wp-json\/wp\/v2\/pages"}],"about":[{"href":"https:\/\/utk-ecosens.com\/cms\/wp-json\/wp\/v2\/types\/page"}],"author":[{"embeddable":true,"href":"https:\/\/utk-ecosens.com\/cms\/wp-json\/wp\/v2\/users\/2"}],"replies":[{"embeddable":true,"href":"https:\/\/utk-ecosens.com\/cms\/wp-json\/wp\/v2\/comments?post=665"}],"version-history":[{"count":4,"href":"https:\/\/utk-ecosens.com\/cms\/wp-json\/wp\/v2\/pages\/665\/revisions"}],"predecessor-version":[{"id":1348,"href":"https:\/\/utk-ecosens.com\/cms\/wp-json\/wp\/v2\/pages\/665\/revisions\/1348"}],"wp:attachment":[{"href":"https:\/\/utk-ecosens.com\/cms\/wp-json\/wp\/v2\/media?parent=665"}],"curies":[{"name":"wp","href":"https:\/\/api.w.org\/{rel}","templated":true}]}}